e?
True
Let c(z) = 0 + 51243*z**2 + 2*z - 3 + 0 - 47599*z**2. Let u be (2/(-1))/(2*-1). Is c(u) composite?
False
Let h = 0 + 2. Suppose -h*d + 17337 = d. Is d a composite number?
False
Let r(a) = a**3 - 17*a**2 + 20*a - 44. Let m be r(16). Suppose 26*g - m*g - 6798 = 0. Is g composite?
True
Let s(f) = f**3 + 8*f**2 + 10*f - 10. Let i be s(-6). Suppose q - c - 60 = 0, 155 = 5*q + i*c - 117. Let v = q + -34. Is v a prime number?
False
Let q(b) = -20568*b + 1747. Is q(-33) composite?
True
Suppose 0 = 4*f - 4*s, -3*f + 2*s = -0*s - 3. Suppose -5*v + 33 = -4*m, -v - f*m - 1 = -0. Suppose x + 471 = 2*i, 368 = i - v*x + 110. Is i composite?
False
Let s(v) be the third derivative of -1827*v**4/8 + v**3/6 - 5*v**2 + 3*v. Is s(-1) a composite number?
True
Suppose -50*x + 1258675 = -392475. Is x composite?
False
Suppose -191187 = -3*i + 3*u, -11*i + 4*u = -15*i + 254948. Let d = i - 27134. Is d composite?
False
Suppose -9 + 9 = -6*p. Let a(w) = w**2 - w + 2. Let x be a(p). Suppose 3470 = x*n + 2*o, 5*n - 3*n - 3470 = -o. Is n a composite number?
True
Let m = 737 - 392. Suppose -n = -1706 + m. Is n composite?
False
Let n(b) = 3*b - 9. Let k be n(4). Is (1267662/4)/(-11)*(-2)/k prime?
True
Let k be (-2*1/2)/(9/(-45)). Let a(m) = -m**2 + 7*m - 10. Let f be a(k). Suppose 3*s + s - 3*b - 3619 = 0, f = -s - b + 910. Is s composite?
False
Let k(t) = 2508*t + 29. Suppose -9 = -3*s, 5*h - 5 + 0 = 5*s. Is k(h) a composite number?
False
Let f = 54834 - -10955. Is f a prime number?
True
Let w be (-11)/33 + 13/3. Let g be w + 6/(12/3170). Suppose -4317 + g = -8*a. Is a a prime number?
False
Suppose 4*f + 4*h = 1663344, -4*h + 1663337 = 4*f + h. Is f a composite number?
True
Suppose 119*k = 28*k + 57*k + 3942742. Is k prime?
True
Is (1 + -2)*166828*5/(-20) a prime number?
False
Let c(r) = 5*r**2 + 15*r + 44. Let m be c(-18). Let f = m + -317. Suppose f + 1712 = o. Is o composite?
False
Let v = -1814928 - -2557309. Is v a prime number?
True
Let s(a) = a**3 + a**2 - 7*a + 2. Let o be s(-10). Let y = 191 + o. Let n = 1982 + y. Is n composite?
True
Let p(z) = -202*z - 2497. Is p(-18) a prime number?
False
Let j(x) = -10*x**3 + 21*x**2 - 13*x + 3. Let t = 364 + -373. Is j(t) a prime number?
False
Let o = 7687 + 3370. Is o composite?
False
Let k(g) = -170*g - 13. Let l(d) = 170*d + 14. Let i(h) = 3*k(h) + 2*l(h). Is i(-5) prime?
True
Let t(q) = -5*q**3 + 3*q**2 + 7*q - 13. Let z(u) = -10*u**3 + 7*u**2 + 13*u - 27. Let p(f) = 5*t(f) - 3*z(f). Let g = -1993 + 2000. Is p(g) a composite number?
False
Let k(h) = 2*h**3 - 47*h**2 + 24*h - 23. Let y be k(23). Suppose 4*n - 1334 = 5*m, -n - 2*m - 39 + 366 = y. Is n prime?
True
Let y = -98 + 86. Let n be (y/15)/((-6)/(-15)). Is (1 - n - (-91)/(-26))*-1438 a composite number?
False
Suppose -33506 - 1334 = 4*i. Let f = i - -12253. Is f a composite number?
True
Suppose -12902470 = -521*w + 451*w. Is w composite?
False
Let k(v) = 10*v**2 - 3*v + 164 - 133 - 1073 - 11*v**2. Let g be k(0). Let c = -705 - g. Is c a composite number?
False
Suppose 0 = 4*w + 2*n - 28, -9*n + 26 = 2*w - 5*n. Suppose 3*x + 5*o = 1542, 0 = -w*x + o + 884 + 1686. Is x composite?
True
Let h = 127728 - 57677. Is h prime?
True
Let p(w) = w**3 - 39*w**2 - 41*w + 44. Let x be p(40). Suppose -4*b + 40336 = 2*f, -3*b + x*b + f - 10083 = 0. Is b prime?
False
Suppose -5*k + 335*t + 582033 = 337*t, -5*t = 4*k - 465606. Is k composite?
True
Suppose 0 = -8*l - 445 - 3. Let n(z) = 4*z**2 + 2*z - 1. Let h be n(2). Is 420/l*(h/(-3) - 1) prime?
False
Let p(u) = -61*u + 20647. Is p(0) a prime number?
False
Suppose -l = -3*l + 2788. Let q = l + -569. Let p = q + -80. Is p a prime number?
False
Suppose -2*l - 3*d + 263402 = 0, 4*l + d - 113390 = 413394. Is l a prime number?
False
Suppose -92 = -d - 3*t, 2*d - 2*t - 123 = 69. Let x be 137 + (4 - -1 - (7 + -3)). Suppose d = u - x. Is u a composite number?
False
Let o(y) = -y**3 - 5*y**2 + 8*y + 4. Let z be o(-6). Let p(i) = -1033*i - 45. Is p(z) prime?
True
Is (-2027)/(-81 + 87 - 206/34) prime?
False
Let i = 180902 + 68801. Is i prime?
True
Suppose 97*q + 20597 = 99*q - p, -5*q = -3*p - 51490. Is q a prime number?
True
Suppose 4*q + 44 = 4. Is (-12)/60 - 22492/q a prime number?
False
Let h(i) = i**3 + i**2 - i + 228. Let z be h(0). Suppose -2837 = -5*o + z. Is o prime?
True
Let o = 207 + -197. Suppose 0 = -j - 3*b + b + 2367, 5*b + o = 0. Is j a prime number?
True
Let n = 227165 + -131008. Is n a prime number?
True
Let w be 24420/18 - (-8)/6. Suppose -10*o + 3132 = -w. Is o composite?
False
Suppose -14 - 1 = -5*g. Let m(s) = -3*s + 11. Let z be m(g). Suppose -a = z*a - 6999. Is a a prime number?
True
Let j be (-4)/(-6) - 476/(-42). Let w = j + -4. Suppose -w*a = -13*a + 2935. Is a a prime number?
True
Let g(v) = 930*v**2 - 10*v - 473. Is g(23) composite?
True
Suppose 0 = -2*k + 2, -2*j + 4 = -k - 5. Suppose 2*u - 2*y - 2 = 0, -j*u + 19 = 2*y - 7. Suppose u*i - 195 = v - 2*v, -i = -2. Is v a prime number?
False
Let j = -360354 + 576967. Is j a prime number?
False
Suppose -6 = 3*v, -2*w + 138265 - 21081 = -v. Is w composite?
True
Let j(s) = -18*s + 269. Let l be j(14). Let o(p) = p**2 + 127*p - 37. Is o(l) a prime number?
True
Let p be (440 + (-5)/(15/9))*-1. Let a = 1587 - p. Suppose -5*f + c + 11588 = 0, 4*c = 2*f - 2622 - a. Is f a prime number?
False
Let d(n) = -29 - 51*n + 39*n - 80*n - 22*n - 50*n. Suppose -t + 6*t = -40. Is d(t) a prime number?
True
Let f be 24*5/60*9. Let v be (-1*1)/((-6)/8796). Suppose -f*m = -16*m - v. Is m a composite number?
False
Let a(j) = j**2 - 9 + 10*j + 184*j**2 - 19*j. Is a(5) prime?
False
Suppose 4*m + 4 = -4*n, -7*n + 5*n - 5 = -m. Let s be ((-20)/(-25))/(n/(-5)). Suppose s*w - 806 = 4*b, 0 = -3*b - 4 - 5. Is w a prime number?
True
Let r = -4469 + 2456. Let n = 11182 + r. Is n composite?
True
Suppose -3304838 - 3008106 = -37*a + 21*a. Is a a prime number?
False
Let q be ((-4)/14 + (-442)/119)*-13665. Let x = q + -34663. Is x prime?
True
Let n be 0 - -2 - -1 - 47991/51. Let l = n + 3417. Is l a composite number?
True
Let l = -1486 - -2805. Is l a prime number?
True
Suppose 0 = 16*s - 4*s - 132. Let h(b) = 5*b - 55. Let r be h(s). Suppose 4*i = 4*k - 954 + 5998, -4*i + 3*k + 5045 = r. Is i a prime number?
False
Let n(x) = -x - 10. Let w = 29 + -37. Let o be n(w). Is 263 - (24/(-30))/(o/(-5)) prime?
False
Suppose 0 = 4*u + 3*c - 85 - 131, 4*c = 0. Suppose u = 3*a - 3129. Is a composite?
False
Let y = -2515 + 56282. Is y a composite number?
True
Let q = 92 - 90. Suppose q*n - 3437 = w, -2407 = -3*n + w + 2751. Is n prime?
True
Suppose 3*s - 14*c - 167737 = -15*c, -s + 55931 = 5*c. Is s a prime number?
False
Suppose 5*p = 2*y - 110, 4*y + 34*p - 33*p - 176 = 0. Is 14344/18 - (-5)/y a composite number?
False
Is 8061005*5*(-8)/(-360) - 6/27 prime?
True
Let r be (-930297)/399 - (22/(-14) + 1). Let k = r - -5270. Is k a prime number?
True
Let y be 1616 + 18 - 10/2. Suppose -5*j = g - 3107 - y, 14138 = 3*g + j. Is g a composite number?
True
Let v = 256 - -273. Let a = 58 + v. Is a composite?
False
Suppose -2*m + m - 3*x - 14 = 0, 4*x + 21 = m. Is (1 + m)*10347/6 composite?
False
Suppose 116*h - 2*x - 560295 = 111*h, -x + 224127 = 2*h. Is h a composite number?
False
Let a = 9 + -6. Suppose 4*s - 7 = 2*m + 3, -2*m + 25 = a*s. Suppose -s*b - 3*f = -1463, 2*b = 3*f + 594 + 8. Is b prime?
False
Suppose 4*l + 36 - 68 = 0. Let a be 2/(l/18)*808. Let j = 119 + a. Is j prime?
False
Suppose 2*r - 400234 = -3*y, -5*r + 5*y + 305367 + 695218 = 0. Is r a composite number?
False
Let d = -678 + 1434. Let w = d + 151. Is w a prime number?
True
Let m(q) = q**2 + 9*q + 20. Let p be m(-6). Suppose -3*t + 18072 = -0*n + p*n, -3*n = -5*t + 30101. Is t a prime number?
False
Is -4*381346/6*12/(-16) a composite number?
True
Suppose -f - 2*p - p = -4853, 2*p + 4858 = f. Let o = 9747 - f. Is o prime?
False
Suppose -b - b - 2*u = 154, -3*b = u + 227. Let m = b + 79. Is m a composite number?
True
Let q(u) = 161*u**3 + u**2 - u + 3. Suppose 3*x + 49 - 55 = 0. Is q(x) a composite number?
True
Is (-6895276)/(-141)*6*(-2)/(-16) composite?
False
Let d(c) = -94*c**3 + 24*c**2 + 75*c + 4. Is d(-3) a composite number?
True
Let r be -4 - -2 - (-5 - -4). Let c be (r + -19)*4/(-16). Suppose c*y - 1887 = -202. Is y a prime number?
True
Let 